39667
List the prime factors of 484551542.
2, 59, 1063, 3863
List the prime factors of 75563466.
2, 3, 11, 1144901
List the prime factors of 95986008.
2, 3, 1333139
List the prime factors of 7956504.
2, 3, 59, 1873
List the prime factors of 7913500497.
3, 7, 23, 47, 12911
List the prime factors of 1696865566.
2, 11, 19, 109, 37243
List the prime factors of 805492671.
3, 173, 599, 2591
What are the prime factors of 517221108?
2, 3, 14367253
List the prime factors of 4265458276.
2, 19, 1051, 53401
What are the prime factors of 1702254?
2, 3, 53, 101
What are the prime factors of 3399678483?
3, 101, 449, 24989
List the prime factors of 498665931.
3, 1879, 88463
List the prime factors of 13376587.
7, 1910941
What are the prime factors of 56844939?
3, 18948313
List the prime factors of 239785553.
7, 34255079
List the prime factors of 134956033.
5501, 24533
List the prime factors of 127253170.
2, 5, 11, 1156847
What are the prime factors of 508799382?
2, 3, 7, 13, 757, 1231
What are the prime factors of 1261747452?
2, 3, 7, 43, 7129
List the prime factors of 3928546169.
12911, 304279
What are the prime factors of 1066582607?
401, 613, 4339
What are the prime factors of 80616811?
11, 7328801
List the prime factors of 860774194.
2, 7, 6263, 9817
What are the prime factors of 95085714?
2, 3, 109, 145391
List the prime factors of 354339393.
3, 31, 43, 88607
List the prime factors of 4244795655.
3, 5, 157, 491, 3671
List the prime factors of 366050905.
5, 11, 29, 229499
List the prime factors of 114659727.
3, 7, 13, 419999
What are the prime factors of 15099052?
2, 3774763
What are the prime factors of 804202703?
101, 7962403
What are the prime factors of 123968202?
2, 3, 20661367
What are the prime factors of 157293678?
2, 3, 47, 557779
What are the prime factors of 23992458?
2, 3, 7, 79, 1033
What are the prime factors of 1223765304?
2, 3, 5417, 9413
List the prime factors of 1284451760.
2, 5, 29, 553643
List the prime factors of 32332986.
2, 3, 7, 23, 3719
What are the prime factors of 48536246?
2, 11, 18233
What are the prime factors of 84010779?
3, 331, 28201
What are the prime factors of 15361200?
2, 3, 5, 17, 251
What are the prime factors of 264282610?
2, 5, 1489, 17749
What are the prime factors of 707322019?
707322019
List the prime factors of 1412521953.
3, 37, 109, 116747
List the prime factors of 217099016.
2, 19, 47, 30389
What are the prime factors of 115912721?
1163, 99667
What are the prime factors of 71471072?
2, 2233471
What are the prime factors of 71129566?
2, 811, 43853
What are the prime factors of 1051219275?
3, 5, 14016257
List the prime factors of 3716758.
2, 67, 27737
What are the prime factors of 18406856?
2, 13, 176989
List the prime factors of 5473622719.
17, 29, 233, 2803
List the prime factors of 61863372.
2, 3, 191, 2999
List the prime factors of 491558767.
7, 131, 536051
List the prime factors of 318662750.
2, 5, 7, 211, 863
What are the prime factors of 3453465442?
2, 7, 17, 14510359
What are the prime factors of 501205693?
19, 97, 151, 1801
What are the prime factors of 93682002?
2, 3, 17, 37, 103, 241
List the prime factors of 76974440.
2, 5, 79, 24359
List the prime factors of 436528167.
3, 79, 1841891
What are the prime factors of 70909346?
2, 17, 2085569
List the prime factors of 176387146.
2, 13, 19, 47, 71, 107
List the prime factors of 27989915.
5, 409, 13687
What are the prime factors of 631042?
2, 315521
What are the prime factors of 34906777?
1861, 18757
List the prime factors of 4690500339.
3, 7, 29, 89, 86539
What are the prime factors of 786009424?
2, 349, 140761
What are the prime factors of 497199614?
2, 79, 3146833
List the prime factors of 30131409.
3, 7, 11, 130439
List the prime factors of 18276771.
3, 1327, 4591
What are the prime factors of 298337884?
2, 13, 1511, 3797
What are the prime factors of 326174022?
2, 3, 18120779
List the prime factors of 168667541.
7, 19, 1268177
List the prime factors of 228267491.
228267491
List the prime factors of 467562494.
2, 7, 33397321
What are the prime factors of 1022326202?
2, 79, 6470419
List the prime factors of 46812267.
3, 1759, 2957
List the prime factors of 384259771.
7, 109, 313, 1609
What are the prime factors of 506111375?
5, 7, 11, 52583
What are the prime factors of 5604225575?
5, 13, 653, 26407
List the prime factors of 2608607098.
2, 1304303549
What are the prime factors of 27594811?
27594811
List the prime factors of 291616852.
2, 72904213
What are the prime factors of 23839002?
2, 3, 11, 67, 599
List the prime factors of 7847149.
17, 79, 5843
List the prime factors of 7977351.
3, 373, 7129
List the prime factors of 197072017.
197072017
List the prime factors of 96206244.
2, 3, 8017187
List the prime factors of 505080183.
3, 17, 61, 179, 907
List the prime factors of 29573542.
2, 14786771
What are the prime factors of 493467859?
1181, 417839
What are the prime factors of 16416159?
3, 5472053
What are the prime factors of 168537464?
2, 251, 83933
List the prime factors of 179434637.
9551, 18787
What are the prime factors of 314450911?
179, 1756709
What are the prime factors of 6046559358?
2, 3, 7, 143965699
List the prime factors of 2150659.
7, 43891
List the prime factors of 181085721.
3, 60361907
What are the prime factors of 4003137849?
3, 17, 31, 79, 32051
List the prime factors of 325012163.
7, 139, 334031
What are the prime factors of 222866357?
7, 4548293
What are the prime factors of 24635812?
2, 157, 39229
What are the prime factors of 1375867967?
29, 47443723
What are the prime factors of 61983823?
11, 281, 1823
What are the prime factors of 27124718?
2, 13562359
What are the prime factors of 38961907?
67, 581521
List the prime factors of 538031375.
5, 7, 614893
List the prime factors of 1473617973.
3, 491205991
List the prime factors of 151270337.
151270337
What are the prime factors of 46736269?
41, 1139909
What are the prime factors of 97220749?
97220749
What are the prime factors of 781964818?
2, 390982409
What are the prime factors of 25631346?
2, 3, 13, 61, 5387
List the prime factors of 508228416.
2, 3, 19, 46439
List the prime factors of 48893346.
2, 3, 19, 142963
What are the prime factors of 965463561?
3, 107273729
List the prime factors of 48069666.
2, 3, 839, 1061
List the prime factors of 27944348.
2, 6986087
What are the prime factors of 1686331867?
11, 79, 176413
What are the prime factors of 69551324?
2, 19, 59, 15511
What are the prime factors of 33177964?
2, 8294491
What are the prime factors of 111481443?
3, 12386827
What are the prime factors of 105714412?
2, 26428603
List the prime factors of 119538516.
2, 3, 9961543
What are the prime factors of 297559958?
2, 148779979
What are the prime factors of 136648693?
47, 2907419
List the prime factors of 1016352757.
7, 233, 89021
What are the prime factors of 482652944?
2, 3217, 9377
List the prime factors of 589382757.
3, 31, 704161
List the prime factors of 2873844732.
2, 3, 11, 109, 199739
List the prime factors of 331146447.
3, 29, 3806281
List the prime factors of 1066303571.
89, 11980939
What are the prime factors of 4773967481?
31, 153998951
What are the prime factors of 61350222?
2, 3, 73, 140069
What are the prime factors of 1865352141?
3, 23, 193, 46691
What are the prime factors of 285615472?
2, 23, 503, 1543
List the prime factors of 1167537136.
2, 103, 708457
What are the prime factors of 51961812?
2, 3, 7, 618593
List the prime factors of 4172649828.
2, 3, 347720819
What are the prime factors of 8009226?
2, 3, 71, 2089
List the prime factors of 268940516.
2, 13, 19, 20939
What are the prime factors of 11059906?
2, 11, 13, 38671
List the prime factors of 3935741096.
2, 7, 4643, 15137
What are the prime factors of 713865110?
2, 5, 7, 10198073
List the prime factors of 54277281.
3, 19, 317411
List the prime factors of 30959304.
2, 3, 1289971
List the prime factors of 129149353.
1021, 126493
What are the prime factors of 43730731?
11, 361411
List the prime factors of 101884232.
2, 19, 53, 12647
What are the prime factors of 2776005554?
2, 7, 239, 359, 2311
List the prime factors of 296980599.
3, 17, 5823149
What are the prime factors of 147461938?
2, 13, 5671613
List the prime factors of 1575007009.
37, 463, 91939
What are the prime factors of 3991426980?
2,